0?
111010100111010110011101
In base 11, what is 12271 - 266?
12006
In base 16, what is 2e5 + 30557?
3083c
In base 5, what is -30333004320 + 3?
-30333004312
In base 7, what is 21 + 130036301?
130036322
In base 2, what is 11011010111100000110 + 0?
11011010111100000110
In base 7, what is 4552430350 + -1?
4552430346
In base 9, what is -4178513 + -6?
-4178520
In base 14, what is 86798a + -4?
867986
In base 10, what is 5 + -6748286?
-6748281
In base 6, what is 24135415 - -40?
24135455
In base 6, what is -43020 + -113221?
-200241
In base 7, what is 22331144 + -2?
22331142
In base 12, what is 97bba0 + a?
97bbaa
In base 11, what is -17220247 - -5?
-17220242
In base 6, what is -200111352 - -4?
-200111344
In base 4, what is -3 - 3021033101?
-3021033110
In base 7, what is 60622 + 5055?
66010
In base 4, what is -32011011020 + 10?
-32011011010
In base 5, what is 4 + 22442302101?
22442302110
In base 8, what is -5 + -135215252?
-135215257
In base 5, what is -30232330 - 143?
-30233023
In base 16, what is e6f + -2a325?
-294b6
In base 5, what is -213020 - -3020?
-210000
In base 16, what is 2 + -25c8158?
-25c8156
In base 2, what is 11111 + 10001001111001010011010?
10001001111001010111001
In base 4, what is 2222211202310 - -1?
2222211202311
In base 6, what is 45435 - -35152?
125031
In base 2, what is -100110010000101111 + -110100100011?
-100111000101010010
In base 11, what is 5a0 + 20a583?
210073
In base 3, what is 1222010010112110 + -10?
1222010010112100
In base 10, what is 4 + 161527052?
161527056
In base 13, what is 12799 + -248?
12551
In base 6, what is 2254230 + 10021?
2304251
In base 8, what is -40066 + 1426?
-36440
In base 15, what is -2 + 512740c?
512740a
In base 4, what is 11030120 + 2111102?
13201222
In base 4, what is -132032 + -1020303?
-1213001
In base 11, what is -5 + -53703810?
-53703815
In base 14, what is -24d0cd + 1c?
-24d0b1
In base 14, what is -81 + 1dba06?
1db965
In base 2, what is 1111 - -1011111001001010001001?
1011111001001010011000
In base 13, what is -7270425 + -4?
-7270429
In base 8, what is -307 - 615204?
-615513
In base 3, what is 12101022212 + -2012210?
12022010002
In base 10, what is 177 - -25097?
25274
In base 2, what is 111101010111100011010 - 11010?
111101010111100000000
In base 10, what is -3 + 1615881?
1615878
In base 3, what is 2110101 - 10002211?
-122110
In base 9, what is -43748363 + -1?
-43748364
In base 4, what is -310203 + -13?
-310222
In base 9, what is 265 - -33852?
34227
In base 9, what is -8841 + 4454?
-4376
In base 2, what is 11 - 1111000011011110011100110011?
-1111000011011110011100110000
In base 5, what is -1200322 + 140041?
-1010231
In base 3, what is 112111 + -2001110100?
-2000220212
In base 16, what is -864de8b + 3?
-864de88
In base 15, what is -9 - 6d201?
-6d20a
In base 3, what is -12 + 2201212121100?
2201212121011
In base 7, what is -3002252623 - 2?
-3002252625
In base 14, what is -a0 - -8382?
82c2
In base 6, what is 412 - 522025?
-521213
In base 12, what is 533 + -1ab08?
-1a595
In base 11, what is -a8a443 + 3?
-a8a440
In base 10, what is 292345 - -508?
292853
In base 9, what is -78207011 + 0?
-78207011
In base 2, what is 11100 + -11110000100001011?
-11110000011101111
In base 2, what is 101000101001011 - 1000101101010110?
-11101000001011
In base 12, what is -1078895 - -51?
-1078844
In base 8, what is -7 + -14034214?
-14034223
In base 9, what is -362068 - -177?
-361781
In base 2, what is 110 - -110001101111101101?
110001101111110011
In base 14, what is -2201c4 - -a9?
-220119
In base 5, what is 3 - 3122?
-3114
In base 2, what is -1010101101011101100011 + 10101101?
-1010101101011010110110
In base 9, what is -10252 - 4616?
-14868
In base 7, what is 4 - 420542646?
-420542642
In base 6, what is 221500 - -41?
221541
In base 14, what is 492a + -2850?
20ba
In base 8, what is -41424320 + -3?
-41424323
In base 3, what is -211101021221012 - 112?
-211101021221201
In base 8, what is 42 - -17160553?
17160615
In base 11, what is -1a37899 + -2?
-1a378a0
In base 5, what is -20 - -111030141140?
111030141120
In base 9, what is 138418 - -53?
138472
In base 4, what is -2210302022 + 13332?
-2210222030
In base 9, what is -21855 - 1?
-21856
In base 10, what is -3 - 201714756?
-201714759
In base 15, what is 5 + 4b9c2b9?
4b9c2be
In base 3, what is 1110201 + 1111011020?
1112121221
In base 2, what is -101 + 10111010100111000110011?
10111010100111000101110
In base 5, what is 11230 - 234030?
-222300
In base 8, what is -2153702 - -155?
-2153525
In base 3, what is 22202212012 + 101100?
22210020112
In base 4, what is 0 + 12112021103121?
12112021103121
In base 13, what is 0 - 1ba01657?
-1ba01657
In base 7, what is -304 - -264105?
263501
In base 3, what is -220122222110211 - 120?
-220122222111101
In base 16, what is -1 + -9eb2ecd?
-9eb2ece
In base 6, what is -14 + -1143311244?
-1143311302
In base 7, what is -5 - -602115?
602110
In base 15, what is -6 - 2a16?
-2a1c
In base 14, what is -435c - b137?
-11495
In base 11, what is -589 + 25a64a?
25a071
In base 6, what is 22042514424 - 4?
22042514420
In base 2, what is -1000000011010 - -100010110110000?
11010110010110
In base 15, what is -60bb32 - 4?
-60bb36
In base 16, what is bb0 - -16ef5?
17aa5
In base 7, what is 535525 + -3024?
532501
In base 6, what is -50 - 2122332?
-2122422
In base 9, what is 5 + -18470758?
-18470753
In base 14, what is 324 - 139a9?
-13685
In base 13, what is -1c - 2b29a41?
-2b29a60
In base 5, what is -2241 - 1130232?
-1133023
In base 9, what is 31254244 - -3?
31254247
In base 10, what is -1 + 876464?
876463
In base 2, what is -11001100 + -101110111110?
-110010001010
In base 12, what is -70957 + aa?
-70869
In base 5, what is -1024 - 32414230?
-32420304
In base 16, what is 8 + 29eb4e?
29eb56
In base 10, what is -2 - -11319401?
11319399
In base 11, what is 1311 - -13965?
15176
In base 9, what is 2668 + 263373?
266152
In base 14, what is 2 - 14169c?
-14169a
In base 15, what is -989595 + 8?
-98958c
In base 11, what is 7 + -52983?
-52977
In base 2, what is -101 + -1101111011001111101101?
-1101111011001111110010
In base 15, what is 10 + -2e2991?
-2e2981
In base 7, what is -2 - -524145023?
524145021
In base 16, what is -4044 - 2b68?
-6bac
In base 15, what is 9dd6 + 633?
a519
In base 15, what is -14 + 1e7714?
1e7700
In base 7, what is -3 + 346656455?
346656452
In base 12, what is -11a6b2 + -408?
-11aaba
In base 14, what is -3c2b83a + 5?
-3c2b835
In base 3, what is 101 + 10001200210120?
10001200210221
In base 7, what is -10556 + -5502?
-16361
In base 6, what is 13031 - -230440?
243511
In base 13, what is 2a572 + -13?
2a55c
In base 14, what is -1286 + -a77b?
-ba23
In base 10, what is -61820 + 2697?
-59123
In base 8, what is 43 - 121044604?
-121044541
In base 9, what is 715744 - 5?
715738
In base 11, what is -81310 - -46?
-81275
In base 7, what is 4100434 + -305?
4100126
In base 14, what is 4dc - 1057?
-959
In base 7, what is -363661 - -214?
-363444
In base 3, what is -202200121221221001 + 0?
-202200121221221001
In base 12, what is -1651 + 2928?
1297
In base 11, what is 369 + -1150?
-892
In base 12, what is 381 + 2b842?
30003
In base 13, what is -50 + 160b3?
16063
In base 16, what is -5e60 + -4a68?
-a8c8
In base 10, what is 1849 + -33477?
-31628
In base 11, what is -15690 + -205?
-15895
In base 4, what is -10103100 + 202201?
-3300233
In base 5, what is 101 - 14433242212?
-14433242111
In base 7, what is 4 - 64050654?
-64050650
In base 16, what is -ef + -1dc5a?
-1dd49
In base 7, what is 435416 + -662?
434424
In base 16, what is 5 - -29bfb8?
29bfbd
In base 3, what is -101022200000 + 20120?
-101022102110
In base 12, what is -a2517a + -38?
-a251b6
In base 2, what is -10110101001101001100000 + 11001110?
-10110101001100110010010
In base 16, what is -7d05d4 + 3?
-7d05d1
In base 9, what is -14 + 61067032?
61067017
In base 3, what is -1000220 + 2021022011?
2020021021
In base 15, what is 2a2 - aab4?
-a812
In base 2, what is -10101100100010 - 100010010010?
-11001110110100
In base 9, what is 7 + -6046832?
-6046824
In base 10, what is -17598 - -2243?
-15355
In base 2, what is -1011111011000101100110 + 110?
-1011111011000101100000
In base 14, what is c90c5b - 0?
c90c5b
In base 6, what is 4314 - -1043323?
1052041
In base 5, what is -4342 + 202411?
143014
In base 11, what is -52 + 34139?
34097
In base 1